hat is the greatest common divisor of 35405 and 730?
365
Calculate the greatest common divisor of 400 and 144.
16
Calculate the highest common divisor of 1067472 and 288.
144
Calculate the highest common divisor of 847 and 121.
121
What is the highest common factor of 48554 and 88?
22
What is the highest common divisor of 48552 and 147?
21
What is the greatest common divisor of 4385 and 3?
1
What is the highest common factor of 78 and 3767322?
78
What is the greatest common divisor of 1947 and 167088?
177
Calculate the greatest common factor of 1446046 and 56.
14
What is the highest common factor of 5640 and 288?
24
What is the greatest common factor of 1062436 and 604?
604
What is the highest common divisor of 100 and 21310?
10
What is the greatest common divisor of 146280 and 1472?
184
What is the highest common factor of 382 and 165406?
382
What is the greatest common divisor of 816 and 13957?
17
Calculate the highest common factor of 106 and 1066784.
106
Calculate the highest common factor of 84 and 22239.
21
Calculate the greatest common factor of 576 and 651424.
32
What is the highest common factor of 957552 and 12?
12
What is the highest common divisor of 836 and 100738?
418
What is the greatest common factor of 64 and 15584?
32
Calculate the highest common divisor of 205379 and 59.
59
What is the greatest common factor of 7680986 and 166?
166
What is the highest common divisor of 29040 and 4032?
48
What is the greatest common factor of 43 and 5031?
43
Calculate the greatest common divisor of 2690 and 3417914.
538
Calculate the greatest common divisor of 9094 and 2.
2
Calculate the greatest common factor of 6832 and 227408.
976
Calculate the highest common divisor of 2816 and 3884.
4
Calculate the highest common divisor of 12372 and 192.
12
What is the highest common divisor of 343 and 77077?
49
What is the highest common divisor of 252984 and 104?
8
What is the greatest common factor of 48346 and 92?
46
Calculate the highest common divisor of 29815 and 30485.
335
What is the highest common divisor of 27 and 2171502?
27
What is the highest common factor of 27135 and 2680?
335
What is the highest common divisor of 165 and 99165?
165
Calculate the greatest common factor of 20930 and 340.
10
Calculate the greatest common divisor of 3017 and 4310.
431
Calculate the highest common divisor of 35800 and 300.
100
Calculate the highest common divisor of 2237 and 5.
1
What is the greatest common factor of 7823 and 4?
1
What is the greatest common divisor of 19470 and 73750?
590
Calculate the greatest common divisor of 24892 and 1524.
508
What is the highest common divisor of 2545 and 1090?
5
What is the highest common factor of 3525 and 25239?
141
Calculate the highest common divisor of 40 and 69900.
20
Calculate the greatest common divisor of 2289210 and 924.
462
Calculate the greatest common divisor of 30 and 93642.
6
Calculate the greatest common factor of 71912 and 33128.
808
Calculate the greatest common factor of 472584 and 8816.
232
Calculate the highest common divisor of 783 and 23403.
87
What is the highest common factor of 13640 and 180?
20
What is the greatest common divisor of 50 and 570?
10
Calculate the greatest common factor of 3674 and 217601.
167
What is the highest common factor of 455 and 43715?
35
What is the highest common factor of 60 and 97300?
20
What is the highest common factor of 285860 and 10?
10
What is the highest common divisor of 6323 and 7?
1
Calculate the highest common factor of 117 and 888147.
117
Calculate the greatest common factor of 264 and 349152.
24
Calculate the highest common divisor of 1751 and 578.
17
Calculate the greatest common divisor of 25 and 2649250.
25
Calculate the greatest common divisor of 152453 and 7.
7
Calculate the greatest common divisor of 399 and 863094.
57
Calculate the highest common factor of 9280 and 1960.
40
What is the highest common factor of 22 and 1423103?
11
What is the highest common divisor of 42126 and 107814?
714
Calculate the highest common factor of 650 and 75062.
26
Calculate the highest common factor of 900 and 4.
4
What is the highest common factor of 85246 and 48?
2
Calculate the greatest common divisor of 157680 and 10.
10
Calculate the highest common factor of 10 and 62115.
5
Calculate the greatest common factor of 1163239 and 385.
77
What is the highest common factor of 60396 and 588?
84
What is the highest common factor of 2696 and 16?
8
Calculate the greatest common factor of 10 and 32166.
2
Calculate the greatest common factor of 16484427 and 1251.
1251
What is the greatest common factor of 5760 and 70920?
360
What is the greatest common factor of 15 and 5935?
5
Calculate the greatest common factor of 12730 and 1235.
95
What is the highest common divisor of 387 and 187050?
129
Calculate the highest common factor of 644 and 72220.
92
Calculate the highest common factor of 132 and 337524.
132
Calculate the highest common divisor of 49155 and 10614.
87
What is the highest common divisor of 2159 and 508?
127
Calculate the highest common factor of 5122 and 7514.
26
Calculate the greatest common divisor of 73920 and 15360.
960
What is the highest common factor of 1799 and 9821?
7
Calculate the highest common factor of 2044 and 29784.
292
Calculate the highest common factor of 1644 and 81.
3
Calculate the greatest common factor of 140 and 54990.
10
Calculate the highest common divisor of 2180 and 231625.
545
Calculate the greatest common factor of 60 and 178260.
60
Calculate the greatest common divisor of 127 and 3732403.
127
What is the greatest common divisor of 912 and 52098?
114
What is the highest common factor of 20033 and 78?
13
Calculate the highest common divisor of 682127 and 871.
67
Calculate the greatest common divisor of 586225 and 358.
179
Calculate the highest common divisor of 165 and 15.
15
What is the greatest common factor of 11635822 and 107?
107
What is the greatest common factor of 197403 and 435?
87
Calculate the highest common factor of 10059 and 63.
21
What is the greatest common divisor of 30311 and 9197?
17
What is the highest common divisor of 94404 and 27?
3
Calculate the greatest common divisor of 24168 and 3648.
456
What is the greatest common factor of 1406212 and 6340?
1268
What is the greatest common divisor of 24 and 988?
4
Calculate the highest common divisor of 4616 and 48.
8
What is the greatest common divisor of 65121 and 609?
21
What is the highest common factor of 4491963 and 378?
189
Calculate the greatest common factor of 2099602 and 1258.
1258
Calculate the greatest common divisor of 260 and 9120.
20
What is the highest common factor of 1200600 and 696?
696
Calculate the greatest common factor of 24 and 99924.
12
What is the highest common factor of 9025 and 50?
25
Calculate the greatest common factor of 26410 and 2470.
190
What is the highest common factor of 3146 and 489082?
242
Calculate the highest common divisor of 282883 and 457.
457
Calculate the highest common factor of 185500 and 3286.
106
What is the greatest common factor of 1034 and 254834?
94
What is the greatest common divisor of 209607 and 2564?
641
Calculate the greatest common factor of 13 and 6505057.
13
What is the highest common factor of 64 and 552152?
8
What is the highest common factor of 70 and 162930?
10
Calculate the highest common divisor of 5931803 and 37.
37
Calculate the highest common divisor of 299 and 5863.
13
What is the greatest common divisor of 233899 and 453?
151
What is the highest common factor of 37795 and 10?
5
Calculate the highest common factor of 304861 and 493.
17
Calculate the greatest common factor of 145602 and 27.
9
What is the greatest common factor of 442468 and 104?
52
Calculate the highest common divisor of 28264 and 48.
8
Calculate the highest common divisor of 407761 and 519.
173
What is the highest common factor of 34447 and 3515?
703
What is the highest common factor of 832164 and 2?
2
Calculate the greatest common factor of 72 and 81576.
72
Calculate the greatest common factor of 62937 and 1332.
333
Calculate the greatest common divisor of 620 and 30132.
124
What is the greatest common factor of 441940 and 28?
4
Calculate the greatest common divisor of 20420 and 380.
20
Calculate the greatest common divisor o